{"id":9693,"date":"2018-09-13T13:36:36","date_gmt":"2018-09-13T12:36:36","guid":{"rendered":"https:\/\/gestiobcn.com\/politica-de-privacidad\/"},"modified":"2018-11-06T15:52:23","modified_gmt":"2018-11-06T14:52:23","slug":"politica-de-privacidad","status":"publish","type":"page","link":"https:\/\/gestiobcn.com\/es\/politica-de-privacidad\/","title":{"rendered":"Pol\u00edtica de Privacidad"},"content":{"rendered":"<div id=\"clickdatos\">\n<p style=\"text-align: left;\">Sus datos ser\u00e1n tratados por <strong>SAGARRA Y MONTALVO GESTION BCN<\/strong>. con el fin de poder suministrarle la informaci\u00f3n que nos ha solicitado. No ser\u00e1n comunicados a terceros ni se utilizar\u00e1n para ninguna otra finalidad.<\/p>\n<p style=\"text-align: left;\">En cumplimiento de la normativa (UE) 2016\/679 Reglamento General de Protecci\u00f3n de Datos, le informamos que, una vez enviada la informaci\u00f3n solicitada, sus datos ser\u00e1n borrados de nuestros sistemas.<\/p>\n<p style=\"text-align: left;\">Tambi\u00e9n le informamos que puede presentar una reclamaci\u00f3n ante la Agencia Espa\u00f1ola de Protecci\u00f3n de Datos si considera que se han visto vulnerados sus derechos.<\/p>\n<p style=\"text-align: left;\">\n<\/div>\n","protected":false},"excerpt":{"rendered":"<p>Sus datos ser\u00e1n tratados por SAGARRA Y MONTALVO GESTION BCN. con el fin de poder suministrarle la informaci\u00f3n que nos ha solicitado. No ser\u00e1n comunicados a terceros ni se utilizar\u00e1n&#8230;<\/p>\n","protected":false},"author":2,"featured_media":0,"parent":0,"menu_order":0,"comment_status":"closed","ping_status":"closed","template":"","meta":{"inline_featured_image":false,"footnotes":""},"class_list":["post-9693","page","type-page","status-publish","hentry"],"aioseo_notices":[],"aioseo_head":"\n\t\t<!-- All in One SEO 5.0.1.1 - aioseo.com -->\n\t<meta name=\"description\" content=\"Sus datos ser\u00e1n tratados por SAGARRA Y MONTALVO GESTION BCN. con el fin de poder suministrarle la informaci\u00f3n que nos ha solicitado. No ser\u00e1n comunicados a terceros ni se utilizar\u00e1n para ninguna otra finalidad. En cumplimiento de la normativa (UE) 2016\/679 Reglamento General de Protecci\u00f3n de Datos, le informamos que, una vez enviada la informaci\u00f3n\" \/>\n\t<meta name=\"robots\" content=\"max-image-preview:large\" \/>\n\t<link rel=\"canonical\" href=\"https:\/\/gestiobcn.com\/es\/politica-de-privacidad\/\" \/>\n\t<meta name=\"generator\" content=\"All in One SEO (AIOSEO) 5.0.1.1\" \/>\n\t\t<script type=\"application\/ld+json\" class=\"aioseo-schema\">\n\t\t\t{\"@context\":\"https:\\\/\\\/schema.org\",\"@graph\":[{\"@type\":\"BreadcrumbList\",\"@id\":\"https:\\\/\\\/gestiobcn.com\\\/es\\\/politica-de-privacidad\\\/#breadcrumblist\",\"itemListElement\":[{\"@type\":\"ListItem\",\"@id\":\"https:\\\/\\\/gestiobcn.com\\\/es\\\/#listItem\",\"position\":1,\"name\":\"Home\",\"item\":\"https:\\\/\\\/gestiobcn.com\\\/es\\\/\",\"nextItem\":{\"@type\":\"ListItem\",\"@id\":\"https:\\\/\\\/gestiobcn.com\\\/es\\\/politica-de-privacidad\\\/#listItem\",\"name\":\"Pol\\u00edtica de Privacidad\"}},{\"@type\":\"ListItem\",\"@id\":\"https:\\\/\\\/gestiobcn.com\\\/es\\\/politica-de-privacidad\\\/#listItem\",\"position\":2,\"name\":\"Pol\\u00edtica de Privacidad\",\"previousItem\":{\"@type\":\"ListItem\",\"@id\":\"https:\\\/\\\/gestiobcn.com\\\/es\\\/#listItem\",\"name\":\"Home\"}}]},{\"@type\":\"Organization\",\"@id\":\"https:\\\/\\\/gestiobcn.com\\\/es\\\/#organization\",\"name\":\"Sagarra i Montalvo Gesti\\u00f3 BCN SL\",\"description\":\"financial advisor\",\"url\":\"https:\\\/\\\/gestiobcn.com\\\/es\\\/\",\"telephone\":\"+34936673626\",\"logo\":{\"@type\":\"ImageObject\",\"url\":\"https:\\\/\\\/gestiobcn.com\\\/wp-content\\\/uploads\\\/2021\\\/04\\\/fons-verd-quadrat.jpg\",\"@id\":\"https:\\\/\\\/gestiobcn.com\\\/es\\\/politica-de-privacidad\\\/#organizationLogo\",\"width\":280,\"height\":280,\"caption\":\"GestioBCN\"},\"image\":{\"@id\":\"https:\\\/\\\/gestiobcn.com\\\/es\\\/politica-de-privacidad\\\/#organizationLogo\"}},{\"@type\":\"WebPage\",\"@id\":\"https:\\\/\\\/gestiobcn.com\\\/es\\\/politica-de-privacidad\\\/#webpage\",\"url\":\"https:\\\/\\\/gestiobcn.com\\\/es\\\/politica-de-privacidad\\\/\",\"name\":\"Pol\\u00edtica de Privacidad | Assessoria SM Gesti\\u00f3 (Barcelona) Fiscal, laboral\",\"description\":\"Sus datos ser\\u00e1n tratados por SAGARRA Y MONTALVO GESTION BCN. con el fin de poder suministrarle la informaci\\u00f3n que nos ha solicitado. No ser\\u00e1n comunicados a terceros ni se utilizar\\u00e1n para ninguna otra finalidad. En cumplimiento de la normativa (UE) 2016\\\/679 Reglamento General de Protecci\\u00f3n de Datos, le informamos que, una vez enviada la informaci\\u00f3n\",\"inLanguage\":\"es-ES\",\"isPartOf\":{\"@id\":\"https:\\\/\\\/gestiobcn.com\\\/es\\\/#website\"},\"breadcrumb\":{\"@id\":\"https:\\\/\\\/gestiobcn.com\\\/es\\\/politica-de-privacidad\\\/#breadcrumblist\"},\"datePublished\":\"2018-09-13T13:36:36+01:00\",\"dateModified\":\"2018-11-06T15:52:23+01:00\"},{\"@type\":\"WebSite\",\"@id\":\"https:\\\/\\\/gestiobcn.com\\\/es\\\/#website\",\"url\":\"https:\\\/\\\/gestiobcn.com\\\/es\\\/\",\"name\":\"Assessoria SM Gesti\\u00f3 (Barcelona) Fiscal, laboral\",\"description\":\"financial advisor\",\"inLanguage\":\"es-ES\",\"publisher\":{\"@id\":\"https:\\\/\\\/gestiobcn.com\\\/es\\\/#organization\"}}]}\n\t\t<\/script>\n\t\t<!-- All in One SEO -->\n\n","aioseo_head_json":{"title":"Pol\u00edtica de Privacidad | Assessoria SM Gesti\u00f3 (Barcelona) Fiscal, laboral","description":"Sus datos ser\u00e1n tratados por SAGARRA Y MONTALVO GESTION BCN. con el fin de poder suministrarle la informaci\u00f3n que nos ha solicitado. No ser\u00e1n comunicados a terceros ni se utilizar\u00e1n para ninguna otra finalidad. En cumplimiento de la normativa (UE) 2016\/679 Reglamento General de Protecci\u00f3n de Datos, le informamos que, una vez enviada la informaci\u00f3n","canonical_url":"https:\/\/gestiobcn.com\/es\/politica-de-privacidad\/","robots":"max-image-preview:large","keywords":"","webmasterTools":{"miscellaneous":""},"schema":{"@context":"https:\/\/schema.org","@graph":[{"@type":"BreadcrumbList","@id":"https:\/\/gestiobcn.com\/es\/politica-de-privacidad\/#breadcrumblist","itemListElement":[{"@type":"ListItem","@id":"https:\/\/gestiobcn.com\/es\/#listItem","position":1,"name":"Home","item":"https:\/\/gestiobcn.com\/es\/","nextItem":{"@type":"ListItem","@id":"https:\/\/gestiobcn.com\/es\/politica-de-privacidad\/#listItem","name":"Pol\u00edtica de Privacidad"}},{"@type":"ListItem","@id":"https:\/\/gestiobcn.com\/es\/politica-de-privacidad\/#listItem","position":2,"name":"Pol\u00edtica de Privacidad","previousItem":{"@type":"ListItem","@id":"https:\/\/gestiobcn.com\/es\/#listItem","name":"Home"}}]},{"@type":"Organization","@id":"https:\/\/gestiobcn.com\/es\/#organization","name":"Sagarra i Montalvo Gesti\u00f3 BCN SL","description":"financial advisor","url":"https:\/\/gestiobcn.com\/es\/","telephone":"+34936673626","logo":{"@type":"ImageObject","url":"https:\/\/gestiobcn.com\/wp-content\/uploads\/2021\/04\/fons-verd-quadrat.jpg","@id":"https:\/\/gestiobcn.com\/es\/politica-de-privacidad\/#organizationLogo","width":280,"height":280,"caption":"GestioBCN"},"image":{"@id":"https:\/\/gestiobcn.com\/es\/politica-de-privacidad\/#organizationLogo"}},{"@type":"WebPage","@id":"https:\/\/gestiobcn.com\/es\/politica-de-privacidad\/#webpage","url":"https:\/\/gestiobcn.com\/es\/politica-de-privacidad\/","name":"Pol\u00edtica de Privacidad | Assessoria SM Gesti\u00f3 (Barcelona) Fiscal, laboral","description":"Sus datos ser\u00e1n tratados por SAGARRA Y MONTALVO GESTION BCN. con el fin de poder suministrarle la informaci\u00f3n que nos ha solicitado. No ser\u00e1n comunicados a terceros ni se utilizar\u00e1n para ninguna otra finalidad. En cumplimiento de la normativa (UE) 2016\/679 Reglamento General de Protecci\u00f3n de Datos, le informamos que, una vez enviada la informaci\u00f3n","inLanguage":"es-ES","isPartOf":{"@id":"https:\/\/gestiobcn.com\/es\/#website"},"breadcrumb":{"@id":"https:\/\/gestiobcn.com\/es\/politica-de-privacidad\/#breadcrumblist"},"datePublished":"2018-09-13T13:36:36+01:00","dateModified":"2018-11-06T15:52:23+01:00"},{"@type":"WebSite","@id":"https:\/\/gestiobcn.com\/es\/#website","url":"https:\/\/gestiobcn.com\/es\/","name":"Assessoria SM Gesti\u00f3 (Barcelona) Fiscal, laboral","description":"financial advisor","inLanguage":"es-ES","publisher":{"@id":"https:\/\/gestiobcn.com\/es\/#organization"}}]}},"aioseo_meta_data":{"post_id":"9693","title":null,"description":null,"keywords":null,"keyphrases":null,"primary_term":null,"canonical_url":null,"og_title":null,"og_description":null,"og_object_type":"default","og_image_type":"default","og_image_url":null,"og_image_width":null,"og_image_height":null,"og_image_custom_url":null,"og_image_custom_fields":null,"og_video":null,"og_custom_url":null,"og_article_section":null,"og_article_tags":null,"twitter_use_og":false,"twitter_card":"default","twitter_image_type":"default","twitter_image_url":null,"twitter_image_custom_url":null,"twitter_image_custom_fields":null,"twitter_title":null,"twitter_description":null,"schema":{"blockGraphs":[],"customGraphs":[],"default":{"data":{"Article":[],"Course":[],"Dataset":[],"FAQPage":[],"Movie":[],"Person":[],"Product":[],"ProductReview":[],"Car":[],"Recipe":[],"Service":[],"SoftwareApplication":[],"WebPage":[]},"graphName":"WebPage","isEnabled":true},"graphs":[]},"schema_type":null,"schema_type_options":null,"pillar_content":false,"robots_default":true,"robots_noindex":false,"robots_noarchive":false,"robots_nosnippet":false,"robots_nofollow":false,"robots_noimageindex":false,"robots_noodp":false,"robots_notranslate":false,"robots_max_snippet":null,"robots_max_videopreview":null,"robots_max_imagepreview":"large","priority":null,"frequency":null,"local_seo":null,"breadcrumb_settings":null,"limit_modified_date":false,"ai":null,"created":"2021-04-02 08:39:03","updated":"2025-11-20 04:07:36","seo_analyzer_scan_date":null,"focus_keyword":null,"additional_keywords":null,"truseo_locale":null},"_links":{"self":[{"href":"https:\/\/gestiobcn.com\/es\/wp-json\/wp\/v2\/pages\/9693","targetHints":{"allow":["GET"]}}],"collection":[{"href":"https:\/\/gestiobcn.com\/es\/wp-json\/wp\/v2\/pages"}],"about":[{"href":"https:\/\/gestiobcn.com\/es\/wp-json\/wp\/v2\/types\/page"}],"author":[{"embeddable":true,"href":"https:\/\/gestiobcn.com\/es\/wp-json\/wp\/v2\/users\/2"}],"replies":[{"embeddable":true,"href":"https:\/\/gestiobcn.com\/es\/wp-json\/wp\/v2\/comments?post=9693"}],"version-history":[{"count":0,"href":"https:\/\/gestiobcn.com\/es\/wp-json\/wp\/v2\/pages\/9693\/revisions"}],"wp:attachment":[{"href":"https:\/\/gestiobcn.com\/es\/wp-json\/wp\/v2\/media?parent=9693"}],"curies":[{"name":"wp","href":"https:\/\/api.w.org\/{rel}","templated":true}]}}

Política de Privacidad

<div id="clickdatos">
<p style="text-align: left;">Sus datos serán tratados por <strong>SAGARRA Y MONTALVO GESTION BCN</strong>. con el fin de poder suministrarle la información que nos ha solicitado. No serán comunicados a terceros ni se utilizarán para ninguna otra finalidad.</p>
<p style="text-align: left;">En cumplimiento de la normativa (UE) 2016/679 Reglamento General de Protección de Datos, le informamos que, una vez enviada la información solicitada, sus datos serán borrados de nuestros sistemas.</p>
<p style="text-align: left;">También le informamos que puede presentar una reclamación ante la Agencia Española de Protección de Datos si considera que se han visto vulnerados sus derechos.</p>
<p style="text-align: left;">
</div>

<p>Sus datos serán tratados por SAGARRA Y MONTALVO GESTION BCN. con el fin de poder suministrarle la información que nos ha solicitado. No serán comunicados a terceros ni se utilizarán&#8230;</p>

<!-- All in One SEO 5.0.1.1 - aioseo.com -->
	<meta name="description" content="Sus datos serán tratados por SAGARRA Y MONTALVO GESTION BCN. con el fin de poder suministrarle la información que nos ha solicitado. No serán comunicados a terceros ni se utilizarán para ninguna otra finalidad. En cumplimiento de la normativa (UE) 2016/679 Reglamento General de Protección de Datos, le informamos que, una vez enviada la información" />
	<meta name="robots" content="max-image-preview:large" />
	<link rel="canonical" href="https://gestiobcn.com/es/politica-de-privacidad/" />
	<meta name="generator" content="All in One SEO (AIOSEO) 5.0.1.1" />
		<script type="application/ld+json" class="aioseo-schema">
			{"@context":"https:\/\/schema.org","@graph":[{"@type":"BreadcrumbList","@id":"https:\/\/gestiobcn.com\/es\/politica-de-privacidad\/#breadcrumblist","itemListElement":[{"@type":"ListItem","@id":"https:\/\/gestiobcn.com\/es\/#listItem","position":1,"name":"Home","item":"https:\/\/gestiobcn.com\/es\/","nextItem":{"@type":"ListItem","@id":"https:\/\/gestiobcn.com\/es\/politica-de-privacidad\/#listItem","name":"Pol\u00edtica de Privacidad"}},{"@type":"ListItem","@id":"https:\/\/gestiobcn.com\/es\/politica-de-privacidad\/#listItem","position":2,"name":"Pol\u00edtica de Privacidad","previousItem":{"@type":"ListItem","@id":"https:\/\/gestiobcn.com\/es\/#listItem","name":"Home"}}]},{"@type":"Organization","@id":"https:\/\/gestiobcn.com\/es\/#organization","name":"Sagarra i Montalvo Gesti\u00f3 BCN SL","description":"financial advisor","url":"https:\/\/gestiobcn.com\/es\/","telephone":"+34936673626","logo":{"@type":"ImageObject","url":"https:\/\/gestiobcn.com\/wp-content\/uploads\/2021\/04\/fons-verd-quadrat.jpg","@id":"https:\/\/gestiobcn.com\/es\/politica-de-privacidad\/#organizationLogo","width":280,"height":280,"caption":"GestioBCN"},"image":{"@id":"https:\/\/gestiobcn.com\/es\/politica-de-privacidad\/#organizationLogo"}},{"@type":"WebPage","@id":"https:\/\/gestiobcn.com\/es\/politica-de-privacidad\/#webpage","url":"https:\/\/gestiobcn.com\/es\/politica-de-privacidad\/","name":"Pol\u00edtica de Privacidad | Assessoria SM Gesti\u00f3 (Barcelona) Fiscal, laboral","description":"Sus datos ser\u00e1n tratados por SAGARRA Y MONTALVO GESTION BCN. con el fin de poder suministrarle la informaci\u00f3n que nos ha solicitado. No ser\u00e1n comunicados a terceros ni se utilizar\u00e1n para ninguna otra finalidad. En cumplimiento de la normativa (UE) 2016\/679 Reglamento General de Protecci\u00f3n de Datos, le informamos que, una vez enviada la informaci\u00f3n","inLanguage":"es-ES","isPartOf":{"@id":"https:\/\/gestiobcn.com\/es\/#website"},"breadcrumb":{"@id":"https:\/\/gestiobcn.com\/es\/politica-de-privacidad\/#breadcrumblist"},"datePublished":"2018-09-13T13:36:36+01:00","dateModified":"2018-11-06T15:52:23+01:00"},{"@type":"WebSite","@id":"https:\/\/gestiobcn.com\/es\/#website","url":"https:\/\/gestiobcn.com\/es\/","name":"Assessoria SM Gesti\u00f3 (Barcelona) Fiscal, laboral","description":"financial advisor","inLanguage":"es-ES","publisher":{"@id":"https:\/\/gestiobcn.com\/es\/#organization"}}]}
		</script>
		<!-- All in One SEO -->

Política de Privacidad | Assessoria SM Gestió (Barcelona) Fiscal, laboral

Sus datos serán tratados por SAGARRA Y MONTALVO GESTION BCN. con el fin de poder suministrarle la información que nos ha solicitado. No serán comunicados a terceros ni se utilizarán para ninguna otra finalidad. En cumplimiento de la normativa (UE) 2016/679 Reglamento General de Protección de Datos, le informamos que, una vez enviada la información

Sagarra i Montalvo Gestió BCN SL

Assessoria SM Gestió (Barcelona) Fiscal, laboral
